6
What is -1 - (5 + -2 - 5 - -2)?
-1
Evaluate 1 - (-2 + (3 - -2)).
-2
What is (-4 + -11 - -11) + 0 + 10?
6
Evaluate 0 + (-3 - -5) - 2.
0
What is 4 + 2 + 0 + -1?
5
What is 0 - 3 - (-10 + 4 + 2)?
1
What is 15 - 15 - (2 + -1 - 8)?
7
7 + -9 + 0 + -1
-3
(-2 - -1) + 1 - (5 + -2)
-3
Calculate (2 - (1 + 1)) + 0 + -4.
-4
What is 1 + -2 - (-23 - (-17 - 4))?
1
0 + 0 + -1 - (0 + -4)
3
Evaluate -2 + -4 + -1 + 9.
2
What is the value of (-3 + -7 - -6) + 1?
-3
What is the value of -3 + (3 - (-5 - (-2 - 1)))?
2
What is 4 + 3 - 1 - 4?
2
Calculate 5 + 2 + 1 - 8.
0
What is 0 + (0 - (6 - 4))?
-2
What is 48 + -49 + -2 + 3 + 2?
2
Evaluate -7 + 17 + -25 + 13.
-2
What is the value of 5 + -2 + -7 - (-8 - -2)?
2
Evaluate -4 - (1 + -3 + -4 + 0).
2
Evaluate -6 + (-4 - (-3 - (-1 - -2))).
-6
What is the value of -9 + (-5 - (-3 - 3)) + 2?
-6
Evaluate 3 - (-11 - -6 - (1 + -7)).
2
Calculate -1 + (-3 - (5 + -13)) + -3.
1
What is the value of -2 + (-6 - -4) - -1?
-3
Evaluate (5 - 7) + -10 + 9.
-3
What is -4 + -6 + 0 + -3 + 6?
-7
1 + -4 + -59 + 55
-7
What is 8 - (2 + 2) - 0?
4
-92 + 95 + -6 + -2
-5
What is the value of -2 + (-7 - -5) + 7?
3
Calculate -6 - ((-9 - -7) + 4 + -6).
-2
Evaluate -3 - (0 + -3 + 1).
-1
-7 - (0 - (4 - -9))
6
What is the value of (-6 - (-4 - -2)) + 9?
5
Calculate 1 + -2 + -3 - -7.
3
Calculate -1 + 2 + (0 - 5).
-4
Evaluate -3 + 1 - (-18 - -16).
0
-6 - 1 - (-14 - -8)
-1
What is the value of 0 - 2 - (4 + (-3 - -1))?
-4
Evaluate 4 + -4 + -3 + (6 - 0).
3
6 + (-19 - -4 - -4)
-5
Evaluate 4 + -3 - (-1 + 3).
-1
What is the value of 4 - (-4 + (5 - -7))?
-4
What is the value of (1 - 1) + -2 + -4?
-6
Evaluate 4 + -4 - (-3 + 0 + 0).
3
Calculate (1 + -1 - -2) + (37 - 35).
4
What is the value of 7 - 9 - (-7 + 10)?
-5
Calculate -2 + -1 + 14 + -16 - -1.
-4
What is (-9 - -12) + 5 + -6?
2
(-3 + 9 - 0) + -3 + -5
-2
17 + -13 + (-2 - 7)
-5
What is 9 + -2 - (0 + 5)?
2
(-2 - 2) + -2 - -1
-5
0 + -5 - (7 - 6 - 3)
-3
Calculate (2 - 3 - -1) + (-29 - -35).
6
Calculate 1 + -2 + (-1 - 1).
-3
What is 3 + (-5 - -1) - -3?
2
Evaluate (5 - (6 - -1)) + 7.
5
Calculate (-2 - 0) + (7 + -11 - -6).
0
What is the value of -3 + (3 - (-1 - (3 + 0)))?
4
Calculate 1 - (-5 - 2 - (4 + -7)).
5
What is 14 + -7 - 9 - -7?
5
Evaluate (12 - 9 - -7) + -20.
-10
What is 0 + -4 - (-32 + 31)?
-3
Evaluate (-10 - -17) + (-4 - -2).
5
What is the value of 1 + -1 + 0 - (-4 - -3)?
1
What is -1 - ((-2 - -2) + 0 + -1)?
0
Evaluate (-5 + 0 - -7) + -6 + 8.
4
What is the value of 0 + -1 + (-1 - (3 - 7))?
2
Calculate 5 + (6 - (18 + -7)).
0
What is -1 - -1 - (-1 + -5 + 4)?
2
Calculate 0 - (-1 + 0) - (43 - 38).
-4
What is the value of 4 + 3 + -7 + 0?
0
Calculate 2 - 2 - (-11 - -7).
4
What is (1 - 3) + (4 - 3)?
-1
What is the value of 2 + (1 - (-3 - -6))?
0
-6 - (-4 - ((4 - 10) + 1))
-7
Evaluate 3 + 1 - (0 + 1) - -1.
4
What is -64 - -69 - (-5 + 1)?
9
Calculate 0 - (8 + (-3 - (3 + -3))).
-5
What is the value of (-21 - 1) + 11 + 6 + -1?
-6
-2 + 7 - -1 - (30 + -24)
0
-11 - -3 - -1 - -3
-4
What is (1 - (-8 - (0 - -2))) + -5?
6
Calculate (-4 - (-1 - -1)) + 11 + -7.
0
Calculate -10 - (3 - 24 - -11).
0
What is the value of ((-1 - 1) + 3 - 2) + -2?
-3
1 + 2 - ((-10 - 0) + 14)
-1
Evaluate 3 - (2 - -7 - 1).
-5
5 + -1 + (-2 - -2) + -9
-5
What is -1 - (-3 + 3) - 1 - -4?
2
What is 4 + -5 + 5 + -2?
2
-5 + 6 + -4 + 7
4
Calculate -8 - -1 - (4 + (10 - 19)).
-2
Evaluate 3 + 5 + -5 - 7.
-4
What is -2 + 3 + 1 + (10 - 10)?
2
Calculate 1 - (-13 + 0 - -21).
-7
Calculate 4 + -7 + 4 - (-1 - -4).
-2
Evaluate 5 + (0 + -6 - -6).
5
3 - (1 + 1 + 2)
-1
Evaluate -7 - (4 + (-11 - (-6 + 2))).
-4
What is the value of -6 - (0 - 1 - 1 - -5)?
-9
(1 - -2) + 3 + -4
2
Evaluate -1 + (-3 - 0) + (13 - 3).
6
Calculate -8 + 4 - -3 - (4 - 0).
-5
What is 2 + 3 - (0 - -1 - 0)?
4
(-7 - -15) + -22 + 5
-9
Calculate (-4 - (-10 - -4)) + 0 + 2.
4
What is the value of 3 + (-5 - -5) + (0 - -2)?
5
What is the value of 1 + -3 + 4 + 5 + -3?
4
Calculate 9 + -6 - (-1 - -2) - 0.
2
(1 - 6) + -20 + 26
1
6 + -1 + 3 + -9
-1
What is (-3 - -3) + (5 - 1)?
4
What is the value of -8 + (2 + -3 - -15) - 8?
-2
Calculate 8 + (4 - (3 + -6)) + -8.
7
What is the value of -1 + (0 + -3 - -6) + -6?
-4
What is the value of 4 - -2 - (-2 + -4 + 7)?
5
What is 3 + (2 + -2 - (0 + 3))?
0
Calculate 6 - (-3 - -16 - 6).
-1
Evaluate -7 + 5 + -2 - -8.
4
Evaluate 0 - 0 - (19 + -13).
-6
What is 1 - (5 - -3 - 9)?
2
What is 0 + -3 + (5 - (-9 + 4))?
7
Calculate 7 + (-5 + 2 - -2) + -4.
2
Calculate 1 + -4 - (13 + -9) - -8.
1
What is the value of -15 - (9 + -12 - 8)?
-4
Evaluate (-1 - 1) + 1 - (50 + -52).
1
Evaluate -6 - (-6 - -3) - (-5 + -2).
4
What is -4 + (-4 - -4) + 2?
-2
(2 - 5) + (1 + 4 - 3)
-1
What is -9 + 10 - (6 + 0)?
-5
What is -1 - -2 - (3 + -1) - -2?
1
What is the value of (-4 - -7) + 4 - (4 - 0)?
3
Calculate 16 + -16 - (-10 + -1) - 6.
5
What is the value of -19 + 1 + 14 + (3 - 2)?
-3
Evaluate 6 + -5 + 3 - 3.
1
-2 + (4 + -1 + -2 - 1)
-2
Evaluate -3 + -13 + 18 + (-4 - -2).
0
Calculate -12 - -1 - ((5 - 10) + 5).
-11
5 - (6 + 2) - -6
3
What is 5 - (4 + (0 - 7) - -5)?
3
What is -5 - (0 - (3 - 1))?
-3
What is 3 + (-4 - -1) + (-10 - -7)?
-3
What is the value of (0 - 2) + 4 - 2?
0
Evaluate -1 - (-3 + -3 - (10 + -11)).
4
Evaluate 16 - 13 - (0 + 3 - 2).
2
What is 2 + -2 + 7 + -4 + -2?
1
Evaluate 7 + -9 - 5 - -16.
9
What is 7 + (15 - 12) + -6?
4
What is the value of (5 - (-1 + 1)) + 80 + -84?
1
0 + -6 - -2 - 1
-5
0 + 3 + (-1 - 4)
-2
Evaluate (-5 + -2 - (-17 - -14)) + 8.
4
Evaluate -1 + 3 + 1 + -4 + 1.
0
Evaluate 8 + -12 - (-7 + (2 - 2)).
3
(2 - (1 + 0)) + (-8 - -2)
-5
Evaluate (-3 - 1 - 0) + 3 - 1.
-2
Evaluate 5 + (0 - (5 + 2)).
-2
What is 3 + -4 + (-2 - -1) - 5?
-7
Evaluate 2 - (2 - ((-2 - -4) + 1)).
3
What is -2 + 1 + -1 - (3 + -1)?
-4
Calculate (-2 + 6 - 1) + -7.
-4
Evaluate -1 - (4 + -3 - (4 - 1)).
1
What is the value of 7 + (-2 - (1 - 5)) - 4?
5
Evaluate (-12 - -5) + -4 + 7.
-4
What is the value of -3 - -8 - (-1 - (-1 + -11))?
-6
-3 + 1 + (-82 - -85)
1
What is (-1 - -1 - (-1 + 5)) + 4?
0
Evaluate 4 + -12 + 8 + (0 - 1).
-1
0 + 0 + -4 + 4 - -3
3
What is 2 + 0 - (-1 - -1)?
2
Calculate -4 - -5 - 0 - (2 - 3).
2
(7 + -14 - -3) + 1
-3
What is -2 - (-1 + -4 + -17 + 29)?
-9
Calculate -5 + (22 - -1 - (-14 - -22)).
10
What is the value of (5 - 2) + 37 + -47?
-7
8 + -3 + 0 + -4 - 2
-1
Evaluate (-3 - -1) + (4 + -1 - -1).
2
Calculate -17 - -20 - ((12 - 4) + -4).
-1
What is the value of (14 + -12 + 4 - 8) + 8?
6
What is the value of 16 + (5 - 13) + -6?
2
1 - 0 - 2 - (3 - 4)
0
What is -8 + 10 + (-4 - -1)?
-1
What is -1 + (-5 - -4) - (-1 - 1)?
0
1 + -3 + 14 + (-21 - -1)
-8
Evaluate 6 - 6 - -3 - 8.
-5
What is the value of 1 + 1 + 2 - 11?
-7
-6 + 2 + (-4 - (1 + -5))
-4
What is -1 + (2 - (5 - 1))?
-3
17 - 16 - ((2 - 3) + 2)
0
What is 1 + 1 - (-14 + 17)?
-1
What is (-4 - (1 - (5 + 4))) + -4?
0
Calculate -19 + 21 + 2 + -1.
3
-5 + (-4 + -5 - -5) + 7
-2
Evaluate (11 + -6 - 10) + 8.
3
What is the value of 9 + 0 + (2 - 2)?
9
((-6 - -5) + -4 - -6) + 3
4
1 + -1 + 0 + (-153 - -151)
-2
Evaluate -4 + -6 + 5 + -4 + 5.
-4
What is 3 - (-11 - -23) - 0?
-9
4 - ((-5 - 0) + 5)
4
Calculate -8 + 5 + 2 + -1.
-2
What is the value of (-25 - -33 - (4 - -2)) + -2?
0
What is 1 - 2 - (-1 - (-1 - 1))?
-2
(3 - -5) + -8 - -6
6
Calculate 0 + (-7 - 2) + 4.
-5
3 + 8 + (5 - -2 - 13)
5
Evaluate 7 + (-3 - 2) + (1 - 0).
3
What is the value of 1 - ((5 - 4) + 1 - 1)?
0
Evaluate -10 + 5 + 1 + -1.
-5
3 + (5 - (0 + 3))
5
What is the value of (-2 - 1) + (-81 - -86)?
2
(-2 - 4) + 4 + -1 + 5
2
What is the value of (-4 - 1) + -3 + 6?
-2
What is 3 + -1 - (6 + (-1 - -2))?
-5
What is -12 - -14 - (-2 - (-5 - 0))?
-1
Calculate 5 - (-9 - -14) - (0 - -1).
-1
What is 3 - 4 - 5 - (-16 - -20)?
-10
Evaluate -23 + (22 - 12) + 5 + 2.
-6
-2 + (1 - 6) + 9 + 7
9
What is the value of -50 + 58 + 0 + -8?
0
Evaluate 11 + -6 + 0 + -3 - 1.
1
-1 + 20 + -7 + -2
10
Calculate -2 - -5 - (2 + 0).
1
(4 - -4) + 2 + -6
4
What is 8 - (-3 - (-3 + -4)) - 4?
0
Evaluate 15 - 10 - (0 + 3) - 1.
1
What is 0 + 1 + -2 + 8?
7
Evaluate -4 - (2 + (1 - -1) + -6).
-2
Evaluate (-21 - -15) + (-1 - -6).
-1
What is the value of 0 - -1 - (-6 + 8 + -5)?
4
(6 - -5) + -12 - (0 + -2)
1
0 + 3 + -17 + 5 - -5
-4
10 + 4 + -9 + 0
5
-6 + 11 + -20 + 7
-8
Calculate (-19 - -19) + 1 + -7 + 1.
-5
Evaluate 5 + 12 + -11 + -5.
1
Evaluate -3 + 0 + (-2 -